{"id":2232,"date":"2024-03-11T14:08:59","date_gmt":"2024-03-11T19:08:59","guid":{"rendered":"https:\/\/lotostoreco.com\/?post_type=product&#038;p=2232"},"modified":"2025-11-26T09:19:44","modified_gmt":"2025-11-26T14:19:44","slug":"bolso-panalera-morral-multiusos-3-en-1-cambiador-cuna","status":"publish","type":"product","link":"https:\/\/lotostoreco.com\/index.php\/producto\/bolso-panalera-morral-multiusos-3-en-1-cambiador-cuna\/","title":{"rendered":"Bolso Pa\u00f1alera Morral Multiusos 3 En 1 Cambiador Cuna"},"content":{"rendered":"<p>Pa\u00f1alera &#8211; Morral 3 en 1, cambiador y cuna<\/p>\n<p>&#8211; Multifuncional con cuna portable, cambiador y m\u00faltiples bolsillos<br \/>\n&#8211; Dise\u00f1o elegante<br \/>\n&#8211; Bolsillos termicos para biberones o termos<br \/>\n&#8211; Tela impermeable y antitranspirante<br \/>\n&#8211; Incluye correas para poner la pa\u00f1alera en el coche del beb\u00e9<br \/>\n&#8211; Incluye colchoneta que sirve de cambiador o como colchoneta para la Cuna<br \/>\n&#8211; Puerto USB<\/p>\n<p>Colores disponibles: Negro, azul y rosado.<\/p>\n","protected":false},"excerpt":{"rendered":"<p>Organiza la vida de tu beb\u00e9 con estilo y comodidad: mochila 3 en 1 con cambiador + cuna port\u00e1til + puerto USB para cargar tu celular. Pr\u00e1ctica, espaciosa y lista para acompa\u00f1arte en cada paseo<\/p>\n","protected":false},"featured_media":4421,"comment_status":"open","ping_status":"closed","template":"","meta":{"_kadence_starter_templates_imported_post":false,"_kad_post_transparent":"default","_kad_post_title":"","_kad_post_layout":"default","_kad_post_sidebar_id":"","_kad_post_content_style":"default","_kad_post_vertical_padding":"default","_kad_post_feature":"","_kad_post_feature_position":"","_kad_post_header":false,"_kad_post_footer":false,"_kad_post_classname":"","_joinchat":[]},"product_brand":[],"product_cat":[28,104,111],"product_tag":[241,248,244,246,240,245,239,242,247,243],"class_list":{"0":"post-2232","1":"product","2":"type-product","3":"status-publish","4":"has-post-thumbnail","6":"product_cat-bebes","7":"product_cat-maletas-y-morrales","8":"product_cat-toda-la-tienda","9":"product_tag-bolso-cambiador-bebe","10":"product_tag-bolso-maternidad","11":"product_tag-bolso-para-bebe","12":"product_tag-cambiador-portatil","13":"product_tag-mochila-maternidad","14":"product_tag-mochila-panales","15":"product_tag-panalera-3-en-1","16":"product_tag-panalera-con-cuna","17":"product_tag-panalera-multifuncional","18":"product_tag-panalera-usb","20":"first","21":"instock","22":"sale","23":"shipping-taxable","24":"purchasable","25":"product-type-variable","26":"entry","27":"content-bg","28":"loop-entry"},"yoast_head":"<!-- This site is optimized with the Yoast SEO plugin v27.4 - https:\/\/yoast.com\/product\/yoast-seo-wordpress\/ -->\n<title>Bolso Pa\u00f1alera Morral Multiusos 3 En 1 Cambiador Cuna - Loto Store<\/title>\n<meta name=\"robots\" content=\"index, follow, max-snippet:-1, max-image-preview:large, max-video-preview:-1\" \/>\n<link rel=\"canonical\" href=\"https:\/\/lotostoreco.com\/index.php\/producto\/bolso-panalera-morral-multiusos-3-en-1-cambiador-cuna\/\" \/>\n<meta property=\"og:locale\" content=\"es_ES\" \/>\n<meta property=\"og:type\" content=\"article\" \/>\n<meta property=\"og:title\" content=\"Bolso Pa\u00f1alera Morral Multiusos 3 En 1 Cambiador Cuna - Loto Store\" \/>\n<meta property=\"og:description\" content=\"Organiza la vida de tu beb\u00e9 con estilo y comodidad: mochila 3 en 1 con cambiador + cuna port\u00e1til + puerto USB para cargar tu celular. Pr\u00e1ctica, espaciosa y lista para acompa\u00f1arte en cada paseo\" \/>\n<meta property=\"og:url\" content=\"https:\/\/lotostoreco.com\/index.php\/producto\/bolso-panalera-morral-multiusos-3-en-1-cambiador-cuna\/\" \/>\n<meta property=\"og:site_name\" content=\"Loto Store\" \/>\n<meta property=\"article:modified_time\" content=\"2025-11-26T14:19:44+00:00\" \/>\n<meta property=\"og:image\" content=\"https:\/\/lotostoreco.com\/wp-content\/uploads\/2024\/03\/Captura-de-pantalla-2025-11-26-090546.png\" \/>\n\t<meta property=\"og:image:width\" content=\"631\" \/>\n\t<meta property=\"og:image:height\" content=\"626\" \/>\n\t<meta property=\"og:image:type\" content=\"image\/png\" \/>\n<meta name=\"twitter:card\" content=\"summary_large_image\" \/>\n<meta name=\"twitter:label1\" content=\"Tiempo de lectura\" \/>\n\t<meta name=\"twitter:data1\" content=\"1 minuto\" \/>\n<script type=\"application\/ld+json\" class=\"yoast-schema-graph\">{\"@context\":\"https:\\\/\\\/schema.org\",\"@graph\":[{\"@type\":\"WebPage\",\"@id\":\"https:\\\/\\\/lotostoreco.com\\\/index.php\\\/producto\\\/bolso-panalera-morral-multiusos-3-en-1-cambiador-cuna\\\/\",\"url\":\"https:\\\/\\\/lotostoreco.com\\\/index.php\\\/producto\\\/bolso-panalera-morral-multiusos-3-en-1-cambiador-cuna\\\/\",\"name\":\"Bolso Pa\u00f1alera Morral Multiusos 3 En 1 Cambiador Cuna - Loto Store\",\"isPartOf\":{\"@id\":\"https:\\\/\\\/lotostoreco.com\\\/#website\"},\"primaryImageOfPage\":{\"@id\":\"https:\\\/\\\/lotostoreco.com\\\/index.php\\\/producto\\\/bolso-panalera-morral-multiusos-3-en-1-cambiador-cuna\\\/#primaryimage\"},\"image\":{\"@id\":\"https:\\\/\\\/lotostoreco.com\\\/index.php\\\/producto\\\/bolso-panalera-morral-multiusos-3-en-1-cambiador-cuna\\\/#primaryimage\"},\"thumbnailUrl\":\"https:\\\/\\\/lotostoreco.com\\\/wp-content\\\/uploads\\\/2024\\\/03\\\/Captura-de-pantalla-2025-11-26-090546.png\",\"datePublished\":\"2024-03-11T19:08:59+00:00\",\"dateModified\":\"2025-11-26T14:19:44+00:00\",\"breadcrumb\":{\"@id\":\"https:\\\/\\\/lotostoreco.com\\\/index.php\\\/producto\\\/bolso-panalera-morral-multiusos-3-en-1-cambiador-cuna\\\/#breadcrumb\"},\"inLanguage\":\"es-CO\",\"potentialAction\":[{\"@type\":\"ReadAction\",\"target\":[\"https:\\\/\\\/lotostoreco.com\\\/index.php\\\/producto\\\/bolso-panalera-morral-multiusos-3-en-1-cambiador-cuna\\\/\"]}]},{\"@type\":\"ImageObject\",\"inLanguage\":\"es-CO\",\"@id\":\"https:\\\/\\\/lotostoreco.com\\\/index.php\\\/producto\\\/bolso-panalera-morral-multiusos-3-en-1-cambiador-cuna\\\/#primaryimage\",\"url\":\"https:\\\/\\\/lotostoreco.com\\\/wp-content\\\/uploads\\\/2024\\\/03\\\/Captura-de-pantalla-2025-11-26-090546.png\",\"contentUrl\":\"https:\\\/\\\/lotostoreco.com\\\/wp-content\\\/uploads\\\/2024\\\/03\\\/Captura-de-pantalla-2025-11-26-090546.png\",\"width\":631,\"height\":626},{\"@type\":\"BreadcrumbList\",\"@id\":\"https:\\\/\\\/lotostoreco.com\\\/index.php\\\/producto\\\/bolso-panalera-morral-multiusos-3-en-1-cambiador-cuna\\\/#breadcrumb\",\"itemListElement\":[{\"@type\":\"ListItem\",\"position\":1,\"name\":\"Inicio\",\"item\":\"https:\\\/\\\/lotostoreco.com\\\/\"},{\"@type\":\"ListItem\",\"position\":2,\"name\":\"Tienda\",\"item\":\"https:\\\/\\\/lotostoreco.com\\\/index.php\\\/shop\\\/\"},{\"@type\":\"ListItem\",\"position\":3,\"name\":\"Bolso Pa\u00f1alera Morral Multiusos 3 En 1 Cambiador Cuna\"}]},{\"@type\":\"WebSite\",\"@id\":\"https:\\\/\\\/lotostoreco.com\\\/#website\",\"url\":\"https:\\\/\\\/lotostoreco.com\\\/\",\"name\":\"Loto Store\",\"description\":\"Todo lo que te gusta a un solo click\",\"publisher\":{\"@id\":\"https:\\\/\\\/lotostoreco.com\\\/#organization\"},\"potentialAction\":[{\"@type\":\"SearchAction\",\"target\":{\"@type\":\"EntryPoint\",\"urlTemplate\":\"https:\\\/\\\/lotostoreco.com\\\/?s={search_term_string}\"},\"query-input\":{\"@type\":\"PropertyValueSpecification\",\"valueRequired\":true,\"valueName\":\"search_term_string\"}}],\"inLanguage\":\"es-CO\"},{\"@type\":\"Organization\",\"@id\":\"https:\\\/\\\/lotostoreco.com\\\/#organization\",\"name\":\"Loto Store\",\"url\":\"https:\\\/\\\/lotostoreco.com\\\/\",\"logo\":{\"@type\":\"ImageObject\",\"inLanguage\":\"es-CO\",\"@id\":\"https:\\\/\\\/lotostoreco.com\\\/#\\\/schema\\\/logo\\\/image\\\/\",\"url\":\"https:\\\/\\\/lotostoreco.com\\\/wp-content\\\/uploads\\\/2023\\\/10\\\/Logo-sin-fondo.png\",\"contentUrl\":\"https:\\\/\\\/lotostoreco.com\\\/wp-content\\\/uploads\\\/2023\\\/10\\\/Logo-sin-fondo.png\",\"width\":500,\"height\":500,\"caption\":\"Loto Store\"},\"image\":{\"@id\":\"https:\\\/\\\/lotostoreco.com\\\/#\\\/schema\\\/logo\\\/image\\\/\"}}]}<\/script>\n<!-- \/ Yoast SEO plugin. -->","yoast_head_json":{"title":"Bolso Pa\u00f1alera Morral Multiusos 3 En 1 Cambiador Cuna - Loto Store","robots":{"index":"index","follow":"follow","max-snippet":"max-snippet:-1","max-image-preview":"max-image-preview:large","max-video-preview":"max-video-preview:-1"},"canonical":"https:\/\/lotostoreco.com\/index.php\/producto\/bolso-panalera-morral-multiusos-3-en-1-cambiador-cuna\/","og_locale":"es_ES","og_type":"article","og_title":"Bolso Pa\u00f1alera Morral Multiusos 3 En 1 Cambiador Cuna - Loto Store","og_description":"Organiza la vida de tu beb\u00e9 con estilo y comodidad: mochila 3 en 1 con cambiador + cuna port\u00e1til + puerto USB para cargar tu celular. Pr\u00e1ctica, espaciosa y lista para acompa\u00f1arte en cada paseo","og_url":"https:\/\/lotostoreco.com\/index.php\/producto\/bolso-panalera-morral-multiusos-3-en-1-cambiador-cuna\/","og_site_name":"Loto Store","article_modified_time":"2025-11-26T14:19:44+00:00","og_image":[{"width":631,"height":626,"url":"https:\/\/lotostoreco.com\/wp-content\/uploads\/2024\/03\/Captura-de-pantalla-2025-11-26-090546.png","type":"image\/png"}],"twitter_card":"summary_large_image","twitter_misc":{"Tiempo de lectura":"1 minuto"},"schema":{"@context":"https:\/\/schema.org","@graph":[{"@type":"WebPage","@id":"https:\/\/lotostoreco.com\/index.php\/producto\/bolso-panalera-morral-multiusos-3-en-1-cambiador-cuna\/","url":"https:\/\/lotostoreco.com\/index.php\/producto\/bolso-panalera-morral-multiusos-3-en-1-cambiador-cuna\/","name":"Bolso Pa\u00f1alera Morral Multiusos 3 En 1 Cambiador Cuna - Loto Store","isPartOf":{"@id":"https:\/\/lotostoreco.com\/#website"},"primaryImageOfPage":{"@id":"https:\/\/lotostoreco.com\/index.php\/producto\/bolso-panalera-morral-multiusos-3-en-1-cambiador-cuna\/#primaryimage"},"image":{"@id":"https:\/\/lotostoreco.com\/index.php\/producto\/bolso-panalera-morral-multiusos-3-en-1-cambiador-cuna\/#primaryimage"},"thumbnailUrl":"https:\/\/lotostoreco.com\/wp-content\/uploads\/2024\/03\/Captura-de-pantalla-2025-11-26-090546.png","datePublished":"2024-03-11T19:08:59+00:00","dateModified":"2025-11-26T14:19:44+00:00","breadcrumb":{"@id":"https:\/\/lotostoreco.com\/index.php\/producto\/bolso-panalera-morral-multiusos-3-en-1-cambiador-cuna\/#breadcrumb"},"inLanguage":"es-CO","potentialAction":[{"@type":"ReadAction","target":["https:\/\/lotostoreco.com\/index.php\/producto\/bolso-panalera-morral-multiusos-3-en-1-cambiador-cuna\/"]}]},{"@type":"ImageObject","inLanguage":"es-CO","@id":"https:\/\/lotostoreco.com\/index.php\/producto\/bolso-panalera-morral-multiusos-3-en-1-cambiador-cuna\/#primaryimage","url":"https:\/\/lotostoreco.com\/wp-content\/uploads\/2024\/03\/Captura-de-pantalla-2025-11-26-090546.png","contentUrl":"https:\/\/lotostoreco.com\/wp-content\/uploads\/2024\/03\/Captura-de-pantalla-2025-11-26-090546.png","width":631,"height":626},{"@type":"BreadcrumbList","@id":"https:\/\/lotostoreco.com\/index.php\/producto\/bolso-panalera-morral-multiusos-3-en-1-cambiador-cuna\/#breadcrumb","itemListElement":[{"@type":"ListItem","position":1,"name":"Inicio","item":"https:\/\/lotostoreco.com\/"},{"@type":"ListItem","position":2,"name":"Tienda","item":"https:\/\/lotostoreco.com\/index.php\/shop\/"},{"@type":"ListItem","position":3,"name":"Bolso Pa\u00f1alera Morral Multiusos 3 En 1 Cambiador Cuna"}]},{"@type":"WebSite","@id":"https:\/\/lotostoreco.com\/#website","url":"https:\/\/lotostoreco.com\/","name":"Loto Store","description":"Todo lo que te gusta a un solo click","publisher":{"@id":"https:\/\/lotostoreco.com\/#organization"},"potentialAction":[{"@type":"SearchAction","target":{"@type":"EntryPoint","urlTemplate":"https:\/\/lotostoreco.com\/?s={search_term_string}"},"query-input":{"@type":"PropertyValueSpecification","valueRequired":true,"valueName":"search_term_string"}}],"inLanguage":"es-CO"},{"@type":"Organization","@id":"https:\/\/lotostoreco.com\/#organization","name":"Loto Store","url":"https:\/\/lotostoreco.com\/","logo":{"@type":"ImageObject","inLanguage":"es-CO","@id":"https:\/\/lotostoreco.com\/#\/schema\/logo\/image\/","url":"https:\/\/lotostoreco.com\/wp-content\/uploads\/2023\/10\/Logo-sin-fondo.png","contentUrl":"https:\/\/lotostoreco.com\/wp-content\/uploads\/2023\/10\/Logo-sin-fondo.png","width":500,"height":500,"caption":"Loto Store"},"image":{"@id":"https:\/\/lotostoreco.com\/#\/schema\/logo\/image\/"}}]}},"jetpack_sharing_enabled":true,"_links":{"self":[{"href":"https:\/\/lotostoreco.com\/index.php\/wp-json\/wp\/v2\/product\/2232","targetHints":{"allow":["GET"]}}],"collection":[{"href":"https:\/\/lotostoreco.com\/index.php\/wp-json\/wp\/v2\/product"}],"about":[{"href":"https:\/\/lotostoreco.com\/index.php\/wp-json\/wp\/v2\/types\/product"}],"replies":[{"embeddable":true,"href":"https:\/\/lotostoreco.com\/index.php\/wp-json\/wp\/v2\/comments?post=2232"}],"version-history":[{"count":3,"href":"https:\/\/lotostoreco.com\/index.php\/wp-json\/wp\/v2\/product\/2232\/revisions"}],"predecessor-version":[{"id":4429,"href":"https:\/\/lotostoreco.com\/index.php\/wp-json\/wp\/v2\/product\/2232\/revisions\/4429"}],"wp:featuredmedia":[{"embeddable":true,"href":"https:\/\/lotostoreco.com\/index.php\/wp-json\/wp\/v2\/media\/4421"}],"wp:attachment":[{"href":"https:\/\/lotostoreco.com\/index.php\/wp-json\/wp\/v2\/media?parent=2232"}],"wp:term":[{"taxonomy":"product_brand","embeddable":true,"href":"https:\/\/lotostoreco.com\/index.php\/wp-json\/wp\/v2\/product_brand?post=2232"},{"taxonomy":"product_cat","embeddable":true,"href":"https:\/\/lotostoreco.com\/index.php\/wp-json\/wp\/v2\/product_cat?post=2232"},{"taxonomy":"product_tag","embeddable":true,"href":"https:\/\/lotostoreco.com\/index.php\/wp-json\/wp\/v2\/product_tag?post=2232"}],"curies":[{"name":"wp","href":"https:\/\/api.w.org\/{rel}","templated":true}]}}